t are the prime factors of n(-4)?
2, 3, 5
What are the prime factors of (-23 + 1007/38)/(2/(-4)) - -38458?
3, 7, 1831
Let l be -3 - (-793)/273 - 2/(-21). Let r(j) = j**2 + 27*j + 201. List the prime factors of r(l).
3, 67
Let t = 13110 + -2678. What are the prime factors of t?
2, 163
Suppose -30 = -5*g - 5. Let s be (-2)/g + 27/5. Let m = s - -32. What are the prime factors of m?
37
Let r(y) = y**3 + y**2 - y + 3. Let a be r(0). Suppose 4*i = -4*t + 5*t + 1254, -a*i + 3*t + 936 = 0. What are the prime factors of i?
2, 157
Suppose 5*d = -2*j + 1931, -17*j = -12*j + 10. Suppose 995 = -4*q + 2947. Suppose d + 557 = 4*o + 4*s, -2*o = -2*s - q. What are the prime factors of o?
2, 3, 5
Let d = 963 + -525. Suppose 0 = n + i - 404, -3*i + 2052 = 4*n + d. List the prime factors of n.
2, 3, 67
Let u = 24557 + -10032. List the prime factors of u.
5, 7, 83
Let l(n) = -n - 1. Let a(t) = t**2 - t + 282. Let p(w) = a(w) - 3*l(w). List the prime factors of p(0).
3, 5, 19
Let y = -992 - -546. Let t = y - -299. List the prime factors of (t/5)/(5 - 182/35).
3, 7
Suppose 19*o - 123*o = 105*o - 4253568. List the prime factors of o.
2, 3, 53
List the prime factors of 1 + 0 - (-2211 - -93).
13, 163
Suppose -n - 15 = -5*x, -21 = 4*n - 5*n - 4*x. Suppose -n*z + 330 = 5*k, 0*z + 2 = -z. List the prime factors of ((-15)/10)/((-3)/k).
2, 17
Let d(v) = 115*v**2 - 56*v - 278. What are the prime factors of d(-6)?
2, 2099
Suppose -90 = -28*b + 25*b. List the prime factors of 76/(-10)*(-450)/b.
2, 3, 19
What are the prime factors of 1*(-6)/(-7) + -1897*(-2700)/882?
2, 3, 11
Let g(u) be the second derivative of 433*u**5/10 + u**4/12 + 11*u**3/6 - 6*u**2 + 39*u - 2. What are the prime factors of g(1)?
2, 433
Let w(f) = 869*f - 5786. List the prime factors of w(25).
3, 7, 11, 23
What are the prime factors of ((-564)/8)/(-47)*9182?
3, 4591
List the prime factors of (-78520)/(-6) - 27/(1053/26).
2, 3, 727
Suppose 7954 - 430 = 3*a. List the prime factors of a.
2, 3, 11, 19
Suppose 106*x = 129*x + 4462. Suppose -2*u = -2*b - 279 - 335, -1233 = -4*u + 3*b. Let o = x + u. What are the prime factors of o?
2, 59
Let a(i) = -i + 2. Let d(t) = 6*t + 52. Let n(u) = 3*a(u) - d(u). Suppose -3*b - 48 + 0 = 0. List the prime factors of n(b).
2, 7
Suppose 0 = -0*d + d - 193. Let t = -249 - -371. Let m = d - t. List the prime factors of m.
71
Let l(v) = -v**3 + 4*v**2 + 5*v + 3. Let r be l(5). Let h(o) = 5 + 2*o - r + o - 8*o**3 + 3 - o**2. What are the prime factors of h(-2)?
59
Let i = 13 + -10. Let t = -1168 - -832. List the prime factors of (t + -2)*i*(-4)/24.
13
Let h = -39 - -386. Suppose 3*t = 7*t - i - 441, 3*t - h = 4*i. What are the prime factors of t?
109
Let x be 2/3 - 44/12. Let v be (-2 + 2 + 0)/x. What are the prime factors of 17/(-1)*(-1 - v)?
17
Suppose -g - 868 = 9*a - 5*a, 2*a - 874 = g. Let c = -565 - g. What are the prime factors of c?
307
Suppose 5*j + 15 = 2*u - 15, -5*u + 17 = 2*j. List the prime factors of 3*j/54 - 4144/(-18).
2, 5, 23
Suppose -5*s - 2*i + 374 = 67, 0 = 2*s + 4*i - 110. Let d be (3 - 20/(-4)) + -5. Suppose d*k + 4*k = s. List the prime factors of k.
3
Suppose -5*g - 4 = -4*p - 168, 4*g - 126 = -2*p. Suppose -g*c + 31502 = 7694. List the prime factors of c.
2, 3, 31
Let x(t) be the first derivative of t**4/2 - 11*t**3/3 + 4*t**2 - 2*t + 38. What are the prime factors of x(9)?
7, 13
Suppose 0*j - 6 = -2*j + 5*s, -10 = 5*s. Let o be 31674/39 + -2*j/(-26). Suppose -214 = -9*y + o. What are the prime factors of y?
2, 3, 19
Suppose 0 = 3*v + 3*q - 78327, -2*v + 49115 = 5*q - 3109. Suppose 43*n + 264 = v. What are the prime factors of n?
601
Let f(k) = 215*k + 32. Let r be f(7). Suppose -2*g - r = -165. List the prime factors of (g/9 + (-10)/(-45))/(-1).
2, 19
Let m(i) = 7076*i - 3358. What are the prime factors of m(8)?
2, 3, 5, 71
Let p(g) = 28*g**2 - 34*g + 6. Let f be p(9). Suppose 2*t - 6*t + f = 0. List the prime factors of t.
2, 3, 41
Suppose 3*o - 29 - 31 = 0. Suppose -4*g - u - o = -0*u, -5 = g - u. List the prime factors of (-11 + 0)*g - -3.
2, 29
Let q be (2 - 2354/6) + (-2)/(-6). What are the prime factors of q/(-9)*3 + -3?
127
Let g(r) = r**2 + 150*r + 4669. Let a be g(-44). Let s = 9 + -4. Suppose -l - 187 = -s*p - 2*l, 0 = -3*p - a*l + 121. List the prime factors of p.
37
Suppose 0 = -57*j + 50*j + 1407. Suppose k + 0*k = 1, -j = -2*b - k. List the prime factors of b.
2, 5
List the prime factors of (4/46 + 962544/1656)*(-51)/(-2).
2, 17, 109
Let m = 364 + -69. Let d(i) = -2*i**2 + 14*i - 9. Let u be d(14). Let p = u + m. List the prime factors of p.
2, 3, 5
Let b be 2*-21*(-2)/12. Let m(j) = -2*j + 14. Let k be m(b). Suppose k = -2*z + 54 + 66. List the prime factors of z.
2, 3, 5
Let d(f) = 116*f**2 + 1102*f + 9. List the prime factors of d(-10).
19, 31
Suppose 1126 = x - 21*z + 18*z, 5*x - 5726 = -z. List the prime factors of x.
2, 11, 13
Let g(p) = 1359*p - 2. Let s be g(-5). Let f = s - -12032. What are the prime factors of 8/(-14) + 10/(350/f)?
149
Suppose -32*j + 5254 = -314. Suppose 11*a + j = 14*a. List the prime factors of a.
2, 29
Let g be ((-120)/100)/((-3)/65). Suppose 9*m + 1292 = g*m. List the prime factors of m.
2, 19
Let y(f) = -f**2 - f**2 + 3*f**2 - 2*f**2 + 19*f. Let u be 3/(9/(-135)*9/(-2)). What are the prime factors of y(u)?
2, 3, 5
Let m be (48/(-20))/((-5)/(-1175)). Let n = -772 + 460. Let j = n - m. What are the prime factors of j?
2, 3, 7
Let w(c) = -35*c. Let q be ((-2 - 0)*1)/((-4)/(-14)). Let h be w(q). Suppose 74 = -3*u + h. What are the prime factors of u?
3, 19
Let a = -412 + 412. Suppose -2*t + 5*y + 110 = a, -35*y + 256 = 4*t - 36*y. What are the prime factors of t?
5, 13
Let q be ((-278)/6)/((-6)/(-18)). Let c = -27 - q. Suppose 0*l - c = -2*l. List the prime factors of l.
2, 7
What are the prime factors of 60/50*(-1152290)/(-183)?
2, 1889
Let o be (88/(-24) + 7)*(-3)/(-2). Suppose o*s - 2811 - 4414 = 0. What are the prime factors of s?
5, 17
Let o(j) = j**3 + 12*j**2 + 8*j - 16. Let p be o(-11). Suppose 0*f - 17714 = -p*f. List the prime factors of f.
2, 521
Let g(j) = 172*j**2 + 41*j - 670. List the prime factors of g(13).
7, 4133
Let v(k) be the third derivative of -k**6/120 + 2*k**5/5 + k**4/4 - 9*k**3/2 - 2*k**2 - 10. What are the prime factors of v(24)?
3, 13
Let m(k) = 21*k - 33. Let t be (-4 + (6 - 6))/((-4)/(-6)). Let v(s) = -1. Let n(o) = t*m(o) + 198*v(o). List the prime factors of n(-1).
2, 3, 7
Let j(n) = -2*n**2 + 0 + 34*n**3 - 3*n - 2 - 51*n**3. Let p be j(-1). Suppose 4*g + 588 = p*g. List the prime factors of g.
7
Suppose -14483 = -2*f - 15*j + 16*j, -14480 = -2*f + 2*j. List the prime factors of f.
7243
Suppose 22*m - 3432597 = -125*m. List the prime factors of m.
19, 1229
Suppose 5*c + 1091 = 3*j - 0*c, 0 = 2*c + 8. Suppose 9*d + 3*v + j = 4*d, 4*v = 4. Let z = 127 + d. What are the prime factors of z?
5, 11
Suppose 72 = 6*d + 270. Let x = 66 + d. What are the prime factors of (21/(-4))/(x/(-484))?
7, 11
Suppose -40*u + 1221626 - 466382 = 2*u. What are the prime factors of u?
2, 3, 37
Suppose 0 = -4*v - 4*w + 32, 4*v - 99 = 5*w - 22. Let z(p) = 8*p - 85. What are the prime factors of z(v)?
19
Let x(i) = -52*i + 106. Let y be x(-9). What are the prime factors of 33 + -37 - (0 - (y - 0))?
2, 3, 5, 19
Let b be (-74)/19 - (-30)/(-285). List the prime factors of (-1030)/b - (-78)/52.
7, 37
Let n = -9958 - -27372. List the prime factors of n.
2, 8707
What are the prime factors of 30/(-40) - (-10264)/(-64)*-154?
24697
Let w be 4/34 - (-5206)/(-323). List the prime factors of 7/((-147)/(-15534)) - w/56.
2, 5, 37
What are the prime factors of ((-10)/(-25))/(11/300575)?
2, 5, 1093
Let y(k) = -k**3 - 20. Let q be y(0). Let v(w) = -w**3 - 20*w**2 + 2*w + 40. Let l be v(q). List the prime factors of ((-60)/16 - l)/((-6)/112).
2, 5, 7
Let a(g) = 3400*g - 8458. List the prime factors of a(11).
2, 29, 499
Let l be 14500/12 - (-2)/(-6). Let o = -753 + l. Suppose -12 = 4*v, 4*v + v = 4*y - o. List the prime factors of y.
2, 5, 11
Let r = 105436 + -48318. List the prime factors of r.
2, 28559
What are the prime factors of (-2 + 592/(-14))*(-167 + 48)?
2, 5, 17, 31
Suppose -3*p + 5*f = -3569, 0 = p - 4*f - 1523 + 345. What are the prime factors of p?
2, 599
Let h = 22846 - -11433. List the prime factors of h